{"id":675,"date":"2018-01-02T03:52:06","date_gmt":"2018-01-02T03:52:06","guid":{"rendered":"http:\/\/copious.brighthemes.biz\/shop\/"},"modified":"2026-04-07T15:02:12","modified_gmt":"2026-04-07T15:02:12","slug":"shop","status":"publish","type":"page","link":"https:\/\/cerer.ucad.sn\/?page_id=675","title":{"rendered":"<div style=\"text-align: center; font-family: Georgia, serif; max-width: 800px; margin: 30px auto; padding: 20px; border-top: 3px solid #6ABF4B; border-bottom: 3px solid #1E90C3;\">    <p style=\"font-size: 17px; color: #333333; line-height: 1.8;\">     Bienvenue sur la page des <strong style=\"color: #1E90C3;\">Webinaires du C.E.R.E.R<\/strong>.<br>     Vous trouverez ici les enregistrements vid\u00e9o de nos webinaires scientifiques et acad\u00e9miques,      accessibles librement pour tous les passionn\u00e9s des \u00e9nergies renouvelables.   <\/p>    <p style=\"font-size: 16px; color: #555555; line-height: 1.8;\">     Pour consulter les <strong style=\"color: #6ABF4B;\">Termes de R\u00e9f\u00e9rence (TDR)<\/strong> de chaque webinaire,      veuillez cliquer sur le lien correspondant disponible sur chaque vid\u00e9o  <\/p>    <p style=\"font-size: 17px; color: #1E90C3; font-style: italic; font-weight: bold; margin-top: 25px;\">     Le C.E.R.E.R vous souhaite un excellent visionnage !   <\/p>  <\/div>"},"content":{"rendered":"\t\t<div data-elementor-type=\"wp-page\" data-elementor-id=\"675\" class=\"elementor elementor-675\">\n\t\t\t\t\t\t\t<div class=\"elementor-element elementor-element-9bfee56 e-flex e-con-boxed e-con e-parent\" data-id=\"9bfee56\" data-element_type=\"container\" data-settings=\"{&quot;content_width&quot;:&quot;boxed&quot;}\" data-core-v316-plus=\"true\">\n\t\t\t\t\t<div class=\"e-con-inner\">\n\t\t<div class=\"elementor-element elementor-element-c586032 e-con-full e-flex e-con e-child\" data-id=\"c586032\" data-element_type=\"container\" data-settings=\"{&quot;content_width&quot;:&quot;full&quot;}\">\n\t\t\t\t<div class=\"elementor-element elementor-element-8ae717c elementor-widget elementor-widget-heading\" data-id=\"8ae717c\" data-element_type=\"widget\" data-widget_type=\"heading.default\">\n\t\t\t\t<div class=\"elementor-widget-container\">\n\t\t\t<style>\/*! elementor - v3.18.0 - 20-12-2023 *\/\n.elementor-heading-title{padding:0;margin:0;line-height:1}.elementor-widget-heading .elementor-heading-title[class*=elementor-size-]>a{color:inherit;font-size:inherit;line-height:inherit}.elementor-widget-heading .elementor-heading-title.elementor-size-small{font-size:15px}.elementor-widget-heading .elementor-heading-title.elementor-size-medium{font-size:19px}.elementor-widget-heading .elementor-heading-title.elementor-size-large{font-size:29px}.elementor-widget-heading .elementor-heading-title.elementor-size-xl{font-size:39px}.elementor-widget-heading .elementor-heading-title.elementor-size-xxl{font-size:59px}<\/style><span class=\"elementor-heading-title elementor-size-default\"><a href=\"https:\/\/cerer.ucad.sn\/wp-content\/uploads\/TDR-du-Webinaire-du-04-mars-2026-1.pdf\" target=\"_blank\" class=\"broken_link\">Lien T.D.R Webinaire de Mars 2026:R\u00f4le des femmes dans la transition \n\u00e9nerg\u00e9tique    Comment renforcer leur contribution \u00e0 une \u00e9nergie\ndurable au S\u00e9n\u00e9gal ?<\/a><\/span>\t\t<\/div>\n\t\t\t\t<\/div>\n\t\t\t\t<\/div>\n\t\t<div class=\"elementor-element elementor-element-f6ca135 e-con-full e-flex e-con e-child\" data-id=\"f6ca135\" data-element_type=\"container\" data-settings=\"{&quot;content_width&quot;:&quot;full&quot;}\">\n\t\t\t\t<div class=\"elementor-element elementor-element-d79c518 elementor-widget elementor-widget-heading\" data-id=\"d79c518\" data-element_type=\"widget\" data-widget_type=\"heading.default\">\n\t\t\t\t<div class=\"elementor-widget-container\">\n\t\t\t<span class=\"elementor-heading-title elementor-size-default\"><a href=\"https:\/\/cerer.ucad.sn\/wp-content\/uploads\/1er-Webinaire-du-CERER-Janvier-2026.pdf\" class=\"broken_link\">Lien T.D.R Webinaire Janvier 2026:D\u00e9fis et Solutions pour la P\u00e9dagogie des \u00c9nergies Renouvelables\n(Identifier les obstacles rencontr\u00e9s dans l\u2019enseignement des \u00e9nergies renouvelables\net proposer des solutions)<\/a><\/span>\t\t<\/div>\n\t\t\t\t<\/div>\n\t\t\t\t<\/div>\n\t\t\t\t\t<\/div>\n\t\t\t\t<\/div>\n\t\t<div class=\"elementor-element elementor-element-c9747cf e-flex e-con-boxed e-con e-parent\" data-id=\"c9747cf\" data-element_type=\"container\" data-settings=\"{&quot;content_width&quot;:&quot;boxed&quot;}\" data-core-v316-plus=\"true\">\n\t\t\t\t\t<div class=\"e-con-inner\">\n\t\t<div class=\"elementor-element elementor-element-701afa9 e-con-full e-flex e-con e-child\" data-id=\"701afa9\" data-element_type=\"container\" data-settings=\"{&quot;content_width&quot;:&quot;full&quot;}\">\n\t\t\t\t<div class=\"elementor-element elementor-element-a0ef897 elementor-widget elementor-widget-video\" data-id=\"a0ef897\" data-element_type=\"widget\" data-settings=\"{&quot;youtube_url&quot;:&quot;https:\\\/\\\/youtu.be\\\/2N-V4aqDx2M&quot;,&quot;video_type&quot;:&quot;youtube&quot;,&quot;controls&quot;:&quot;yes&quot;}\" data-widget_type=\"video.default\">\n\t\t\t\t<div class=\"elementor-widget-container\">\n\t\t\t<style>\/*! elementor - v3.18.0 - 20-12-2023 *\/\n.elementor-widget-video .elementor-widget-container{overflow:hidden;transform:translateZ(0)}.elementor-widget-video .elementor-wrapper{aspect-ratio:var(--video-aspect-ratio)}.elementor-widget-video .elementor-wrapper iframe,.elementor-widget-video .elementor-wrapper video{height:100%;width:100%;display:flex;border:none;background-color:#000}@supports not (aspect-ratio:1\/1){.elementor-widget-video .elementor-wrapper{position:relative;overflow:hidden;height:0;padding-bottom:calc(100% \/ var(--video-aspect-ratio))}.elementor-widget-video .elementor-wrapper iframe,.elementor-widget-video .elementor-wrapper video{position:absolute;top:0;right:0;bottom:0;left:0}}.elementor-widget-video .elementor-open-inline .elementor-custom-embed-image-overlay{position:absolute;top:0;right:0;bottom:0;left:0;background-size:cover;background-position:50%}.elementor-widget-video .elementor-custom-embed-image-overlay{cursor:pointer;text-align:center}.elementor-widget-video .elementor-custom-embed-image-overlay:hover .elementor-custom-embed-play i{opacity:1}.elementor-widget-video .elementor-custom-embed-image-overlay img{display:block;width:100%;aspect-ratio:var(--video-aspect-ratio);-o-object-fit:cover;object-fit:cover;-o-object-position:center center;object-position:center center}@supports not (aspect-ratio:1\/1){.elementor-widget-video .elementor-custom-embed-image-overlay{position:relative;overflow:hidden;height:0;padding-bottom:calc(100% \/ var(--video-aspect-ratio))}.elementor-widget-video .elementor-custom-embed-image-overlay img{position:absolute;top:0;right:0;bottom:0;left:0}}.elementor-widget-video .e-hosted-video .elementor-video{-o-object-fit:cover;object-fit:cover}.e-con-inner>.elementor-widget-video,.e-con>.elementor-widget-video{width:var(--container-widget-width);--flex-grow:var(--container-widget-flex-grow)}<\/style>\t\t<div class=\"elementor-wrapper elementor-open-inline\">\n\t\t\t<div class=\"elementor-video\"><\/div>\t\t<\/div>\n\t\t\t\t<\/div>\n\t\t\t\t<\/div>\n\t\t\t\t<\/div>\n\t\t<div class=\"elementor-element elementor-element-2becb12 e-con-full e-flex e-con e-child\" data-id=\"2becb12\" data-element_type=\"container\" data-settings=\"{&quot;content_width&quot;:&quot;full&quot;}\">\n\t\t\t\t<div class=\"elementor-element elementor-element-9ae1a8e elementor-widget elementor-widget-video\" data-id=\"9ae1a8e\" data-element_type=\"widget\" data-settings=\"{&quot;youtube_url&quot;:&quot;https:\\\/\\\/youtu.be\\\/CFmq-1PmPbA&quot;,&quot;video_type&quot;:&quot;youtube&quot;,&quot;controls&quot;:&quot;yes&quot;}\" data-widget_type=\"video.default\">\n\t\t\t\t<div class=\"elementor-widget-container\">\n\t\t\t\t\t<div class=\"elementor-wrapper elementor-open-inline\">\n\t\t\t<div class=\"elementor-video\"><\/div>\t\t<\/div>\n\t\t\t\t<\/div>\n\t\t\t\t<\/div>\n\t\t\t\t<\/div>\n\t\t\t\t\t<\/div>\n\t\t\t\t<\/div>\n\t\t\t\t\t\t\t<\/div>\n\t\t","protected":false},"excerpt":{"rendered":"<p>Lien T.D.R Webinaire de Mars 2026:R\u00f4le des femmes dans la transition \u00e9nerg\u00e9tique Comment renforcer leur contribution \u00e0 une \u00e9nergie durable au S\u00e9n\u00e9gal ? Lien T.D.R\u2026<\/p>\n","protected":false},"author":7,"featured_media":0,"parent":0,"menu_order":0,"comment_status":"closed","ping_status":"closed","template":"","meta":{"footnotes":""},"acf":[],"_links":{"self":[{"href":"https:\/\/cerer.ucad.sn\/index.php?rest_route=\/wp\/v2\/pages\/675"}],"collection":[{"href":"https:\/\/cerer.ucad.sn\/index.php?rest_route=\/wp\/v2\/pages"}],"about":[{"href":"https:\/\/cerer.ucad.sn\/index.php?rest_route=\/wp\/v2\/types\/page"}],"author":[{"embeddable":true,"href":"https:\/\/cerer.ucad.sn\/index.php?rest_route=\/wp\/v2\/users\/7"}],"replies":[{"embeddable":true,"href":"https:\/\/cerer.ucad.sn\/index.php?rest_route=%2Fwp%2Fv2%2Fcomments&post=675"}],"version-history":[{"count":92,"href":"https:\/\/cerer.ucad.sn\/index.php?rest_route=\/wp\/v2\/pages\/675\/revisions"}],"predecessor-version":[{"id":4305,"href":"https:\/\/cerer.ucad.sn\/index.php?rest_route=\/wp\/v2\/pages\/675\/revisions\/4305"}],"wp:attachment":[{"href":"https:\/\/cerer.ucad.sn\/index.php?rest_route=%2Fwp%2Fv2%2Fmedia&parent=675"}],"curies":[{"name":"wp","href":"https:\/\/api.w.org\/{rel}","templated":true}]}}